{"id":2,"date":"2016-05-10T03:48:21","date_gmt":"2016-05-10T03:48:21","guid":{"rendered":"http:\/\/das-kleine-altstadtcafe.de\/?page_id=2"},"modified":"2026-03-27T12:39:13","modified_gmt":"2026-03-27T12:39:13","slug":"sample-page","status":"publish","type":"page","link":"https:\/\/das-kleine-altstadtcafe.de\/","title":{"rendered":"Das kleine Altstadt-Caf\u00e9"},"content":{"rendered":"\t\t<div data-elementor-type=\"wp-page\" data-elementor-id=\"2\" class=\"elementor elementor-2\">\n\t\t\t\t<div class=\"elementor-element elementor-element-1e20c78e e-flex e-con-boxed e-con e-parent\" data-id=\"1e20c78e\" data-element_type=\"container\" data-e-type=\"container\">\n\t\t\t\t\t<div class=\"e-con-inner\">\n\t\t\t\t\t<\/div>\n\t\t\t\t<\/div>\n\t\t<div class=\"elementor-element elementor-element-4a1692c e-flex e-con-boxed e-con e-parent\" data-id=\"4a1692c\" data-element_type=\"container\" data-e-type=\"container\">\n\t\t\t\t\t<div class=\"e-con-inner\">\n\t\t\t\t<div class=\"elementor-element elementor-element-1473d66 elementor-widget elementor-widget-text-editor\" data-id=\"1473d66\" data-element_type=\"widget\" data-e-type=\"widget\" data-widget_type=\"text-editor.default\">\n\t\t\t\t\t\t\t\t\t<p class=\"wp-block-nextend-smartslider3\"><span style=\"letter-spacing: 0px;\">Inmitten der Arnsberger Altstadt finden Sie unmittelbar vor dem historischen Schlo\u00dfberg unser kleines Altstadt Caf\u00e9.\u00a0<\/span><span style=\"letter-spacing: 0px;\">Genie\u00dfen Sie die Ruhe und Gem\u00fctlichkeit unseres liebevoll gestalteten Wohnstuben-Ambientes und lassen Sie sich mit Kaffee, Kuchen\/Waffeln oder Herzhaftem von uns verw\u00f6hnen, w\u00e4hrend Sie unsere unverbaute Aussicht genie\u00dfen.<\/span><\/p><div class=\"page\" title=\"Page 1\"><div class=\"section\"><div class=\"layoutArea\"><div class=\"column\"><p>Da ein guter Kaffee die Menschen verbindet bieten wir in unseren Caf\u00e9 ausschlie\u00dflich &#8222;Langen&#8220; Kaffee aus Medebach an.\u00a0<span style=\"letter-spacing: 0px;\">Auf unserer Rosenterrasse k\u00f6nnen Sie bei sch\u00f6nem Wetter die Seele baumeln lassen und neue Energie tanken.<\/span><\/p><p><span style=\"letter-spacing: 0px;\">Wir freuen uns, Sie in unserem kleinen Caf\u00e9 herzlich begr\u00fc\u00dfen zu d\u00fcrfen!<\/span><\/p><p><strong>Ihr Frederik L\u00f6rwald<\/strong><\/p><\/div><\/div><\/div><\/div>\t\t\t\t\t\t\t\t<\/div>\n\t\t\t\t\t<\/div>\n\t\t\t\t<\/div>\n\t\t<div class=\"elementor-element elementor-element-630f671 e-flex e-con-boxed e-con e-parent\" data-id=\"630f671\" data-element_type=\"container\" data-e-type=\"container\">\n\t\t\t\t\t<div class=\"e-con-inner\">\n\t\t\t\t<div class=\"elementor-element elementor-element-eb998ad elementor-widget elementor-widget-image\" data-id=\"eb998ad\" data-element_type=\"widget\" data-e-type=\"widget\" data-widget_type=\"image.default\">\n\t\t\t\t\t\t\t\t\t\t\t\t<figure class=\"wp-caption\">\n\t\t\t\t\t\t\t\t\t\t<img decoding=\"async\" data-src=\"https:\/\/zauberhaftes-sauerland.com\/wp-content\/uploads\/2023\/01\/das-kleine-altstadt-cafe-frederik-loerwald-arnsberg.jpeg\" title=\"\" alt=\"\" src=\"data:image\/svg+xml;base64,PHN2ZyB3aWR0aD0iMSIgaGVpZ2h0PSIxIiB4bWxucz0iaHR0cDovL3d3dy53My5vcmcvMjAwMC9zdmciPjwvc3ZnPg==\" class=\"lazyload\" \/>\t\t\t\t\t\t\t\t\t\t\t<figcaption class=\"widget-image-caption wp-caption-text\">Foto: zauberhaftes Sauerland - der regionale lifestyle-blog<\/figcaption>\n\t\t\t\t\t\t\t\t\t\t<\/figure>\n\t\t\t\t\t\t\t\t\t<\/div>\n\t\t\t\t\t<\/div>\n\t\t\t\t<\/div>\n\t\t\t\t<\/div>\n\t\t","protected":false},"excerpt":{"rendered":"<p>Inmitten der Arnsberger Altstadt finden Sie unmittelbar vor dem historischen Schlo\u00dfberg unser kleines Altstadt Caf\u00e9.\u00a0Genie\u00dfen Sie die Ruhe und Gem\u00fctlichkeit unseres liebevoll gestalteten Wohnstuben-Ambientes und lassen Sie sich mit Kaffee, Kuchen\/Waffeln oder Herzhaftem von uns verw\u00f6hnen, w\u00e4hrend Sie unsere unverbaute Aussicht genie\u00dfen. Da ein guter Kaffee die Menschen verbindet bieten wir in unseren Caf\u00e9 ausschlie\u00dflich &#8222;Langen&#8220; Kaffee aus Medebach an.\u00a0Auf unserer Rosenterrasse k\u00f6nnen Sie bei sch\u00f6nem Wetter die Seele baumeln lassen und neue Energie tanken. Wir freuen uns, Sie in unserem kleinen Caf\u00e9 herzlich begr\u00fc\u00dfen zu d\u00fcrfen! Ihr Frederik L\u00f6rwald Foto: zauberhaftes Sauerland &#8211; der regionale lifestyle-blog<\/p>\n","protected":false},"author":1,"featured_media":0,"parent":0,"menu_order":0,"comment_status":"closed","ping_status":"open","template":"","meta":{"footnotes":""},"class_list":["post-2","page","type-page","status-publish","hentry"],"_links":{"self":[{"href":"https:\/\/das-kleine-altstadtcafe.de\/index.php?rest_route=\/wp\/v2\/pages\/2","targetHints":{"allow":["GET"]}}],"collection":[{"href":"https:\/\/das-kleine-altstadtcafe.de\/index.php?rest_route=\/wp\/v2\/pages"}],"about":[{"href":"https:\/\/das-kleine-altstadtcafe.de\/index.php?rest_route=\/wp\/v2\/types\/page"}],"author":[{"embeddable":true,"href":"https:\/\/das-kleine-altstadtcafe.de\/index.php?rest_route=\/wp\/v2\/users\/1"}],"replies":[{"embeddable":true,"href":"https:\/\/das-kleine-altstadtcafe.de\/index.php?rest_route=%2Fwp%2Fv2%2Fcomments&post=2"}],"version-history":[{"count":27,"href":"https:\/\/das-kleine-altstadtcafe.de\/index.php?rest_route=\/wp\/v2\/pages\/2\/revisions"}],"predecessor-version":[{"id":164,"href":"https:\/\/das-kleine-altstadtcafe.de\/index.php?rest_route=\/wp\/v2\/pages\/2\/revisions\/164"}],"wp:attachment":[{"href":"https:\/\/das-kleine-altstadtcafe.de\/index.php?rest_route=%2Fwp%2Fv2%2Fmedia&parent=2"}],"curies":[{"name":"wp","href":"https:\/\/api.w.org\/{rel}","templated":true}]}}

Das kleine Altstadt-Café

<div data-elementor-type="wp-page" data-elementor-id="2" class="elementor elementor-2">
				<div class="elementor-element elementor-element-1e20c78e e-flex e-con-boxed e-con e-parent" data-id="1e20c78e" data-element_type="container" data-e-type="container">
					<div class="e-con-inner">
					</div>
				</div>
		<div class="elementor-element elementor-element-4a1692c e-flex e-con-boxed e-con e-parent" data-id="4a1692c" data-element_type="container" data-e-type="container">
					<div class="e-con-inner">
				<div class="elementor-element elementor-element-1473d66 elementor-widget elementor-widget-text-editor" data-id="1473d66" data-element_type="widget" data-e-type="widget" data-widget_type="text-editor.default">
									<p class="wp-block-nextend-smartslider3"><span style="letter-spacing: 0px;">Inmitten der Arnsberger Altstadt finden Sie unmittelbar vor dem historischen Schloßberg unser kleines Altstadt Café. </span><span style="letter-spacing: 0px;">Genießen Sie die Ruhe und Gemütlichkeit unseres liebevoll gestalteten Wohnstuben-Ambientes und lassen Sie sich mit Kaffee, Kuchen/Waffeln oder Herzhaftem von uns verwöhnen, während Sie unsere unverbaute Aussicht genießen.</span></p><div class="page" title="Page 1"><div class="section"><div class="layoutArea"><div class="column"><p>Da ein guter Kaffee die Menschen verbindet bieten wir in unseren Café ausschließlich &#8222;Langen&#8220; Kaffee aus Medebach an. <span style="letter-spacing: 0px;">Auf unserer Rosenterrasse können Sie bei schönem Wetter die Seele baumeln lassen und neue Energie tanken.</span></p><p><span style="letter-spacing: 0px;">Wir freuen uns, Sie in unserem kleinen Café herzlich begrüßen zu dürfen!</span></p><p><strong>Ihr Frederik Lörwald</strong></p></div></div></div></div>								</div>
					</div>
				</div>
		<div class="elementor-element elementor-element-630f671 e-flex e-con-boxed e-con e-parent" data-id="630f671" data-element_type="container" data-e-type="container">
					<div class="e-con-inner">
				<div class="elementor-element elementor-element-eb998ad elementor-widget elementor-widget-image" data-id="eb998ad" data-element_type="widget" data-e-type="widget" data-widget_type="image.default">
												<figure class="wp-caption">
										<img decoding="async" data-src="https://zauberhaftes-sauerland.com/wp-content/uploads/2023/01/das-kleine-altstadt-cafe-frederik-loerwald-arnsberg.jpeg" title="" alt="" src="data:image/svg+xml;base64,PHN2ZyB3aWR0aD0iMSIgaGVpZ2h0PSIxIiB4bWxucz0iaHR0cDovL3d3dy53My5vcmcvMjAwMC9zdmciPjwvc3ZnPg==" class="lazyload" />											<figcaption class="widget-image-caption wp-caption-text">Foto: zauberhaftes Sauerland - der regionale lifestyle-blog</figcaption>
										</figure>
									</div>
					</div>
				</div>
				</div>

<p>Inmitten der Arnsberger Altstadt finden Sie unmittelbar vor dem historischen Schloßberg unser kleines Altstadt Café. Genießen Sie die Ruhe und Gemütlichkeit unseres liebevoll gestalteten Wohnstuben-Ambientes und lassen Sie sich mit Kaffee, Kuchen/Waffeln oder Herzhaftem von uns verwöhnen, während Sie unsere unverbaute Aussicht genießen. Da ein guter Kaffee die Menschen verbindet bieten wir in unseren Café ausschließlich &#8222;Langen&#8220; Kaffee aus Medebach an. Auf unserer Rosenterrasse können Sie bei schönem Wetter die Seele baumeln lassen und neue Energie tanken. Wir freuen uns, Sie in unserem kleinen Café herzlich begrüßen zu dürfen! Ihr Frederik Lörwald Foto: zauberhaftes Sauerland &#8211; der regionale lifestyle-blog</p>
